se -3*h - 1 = -4*h, x = 3*h + 33. What is the remainder when x is divided by (-247)/(24700/600) - -11*3?
9
Let u be ((-6)/8)/(7 + (-29)/4). Let c be u/(-6)*((-8)/2 - -4). Suppose c = -10*n + 4*n + 516. What is the remainder when n is divided by 22?
20
Suppose 22*d + 7223 = 25*d - p, 5*d = -p + 12033. Calculate the remainder when d is divided by 1203.
1
Let z be ((-8)/20)/(1/15). Let j = 15 + z. Suppose 6*b - j*b + 366 = 0. What is the remainder when b is divided by 41?
40
Calculate the remainder when 482 is divided by -7 - (-948)/56 - (-2)/28.
2
Suppose 3*n - 222 = -4*q, 4*n - 433 = -2*q - 137. Let d(o) = -o**2 + 10*o + 10. What is the remainder when n is divided by d(10)?
4
Let t be (3 - 4)/((-1)/2). Suppose -4*m = 3*c - 5, 0 = -t*c + 5*m + 20 + 14. Suppose 0 = -c*l - 0*l + 63. Calculate the remainder when l is divided by 2.
1
Let p(j) = 88*j + 57. Let r be p(-2). Let d = 141 + r. Calculate the remainder when 60 is divided by d.
16
Let d(h) = h**3 - 5*h**2 + h + 11. Suppose -3*y - 2*b + 87 = 0, -y = -0*y + 4*b - 19. Let p = y + -25. Calculate the remainder when d(p) is divided by 20.
13
Suppose 4*v - 91 = -c, -2*c + v + 218 = -0*c. What is the remainder when c is divided by 70?
37
Let i = -382 - -389. What is the remainder when 76/(-95) - (-1456)/20 is divided by i?
2
Suppose -98*w + 97*w + 27 = 0. What is the remainder when 1375 is divided by w?
25
Let x(n) be the second derivative of n**4/12 - 9*n**3/2 + 201*n**2/2 - 89*n - 3. Calculate the remainder when 965 is divided by x(15).
20
Suppose -9 = -2*g - o, g + 3*o + 2 = -1. What is the remainder when (-4)/(-8) + 81/2 is divided by (-1 - 32)*-2*g/36?
8
Suppose -2*m + 434 + 1604 = -2*c, 0 = c - 3. What is the remainder when m is divided by 33?
32
Suppose -22882 = 104*w - 54498. What is the remainder when w is divided by 37?
8
Suppose 0 = 4*o - 4*k, 2*k + 0*k = 3*o. Suppose 4*l - 3*l - 11 = o. What is the remainder when 1*80*(-9 + 147/15) is divided by l?
9
Suppose 0 = -20*t - 28 + 1288. Let w = t + -31. What is the remainder when w is divided by 10?
2
Let n(r) = r**3 + 9*r**2 + 16*r - 11. Suppose -34 + 28 = d. Calculate the remainder when n(d) is divided by (2/(4/2))/1.
0
Let w = 13123 - 13061. Calculate the remainder when 141 is divided by w.
17
Let b(f) = -f**3 - 7*f**2 + 11*f - 1. Let d be b(-4). Suppose 13*t + 1171 = -233. Let i = d - t. What is the remainder when i is divided by 15?
0
Suppose 13 + 29 = 3*v. Suppose 2*m - 882 = -g, -969 = -g - 4*m - 81. Let k = g + -668. What is the remainder when k is divided by v?
12
Calculate the remainder when 16412/(-55)*15/(-6) is divided by 94.
88
Let p = -18 - -28. Suppose p = -11*d + 16*d. Suppose -4*h = -r - 290, h = d*h + 5*r - 83. Calculate the remainder when h is divided by 19.
16
Suppose -74*v = -51796 - 7626. Calculate the remainder when v is divided by 61.
10
Let h(z) = -z - 175. Let b be h(29). Let a = b - -464. Calculate the remainder when a is divided by 11.
7
Let m = 14292 - 14165. Calculate the remainder when 263 is divided by m.
9
Suppose 4*u = -2*s + 3374, 4*s + 4*u - 3023 - 3741 = 0. Suppose -70*l = -67*l - s. Calculate the remainder when l is divided by 21.
19
Suppose 3*l + 175 = -4*k + 17345, 6*k = -4*l + 25758. Calculate the remainder when k is divided by 86.
83
Let v = -95 - -88. Let w = v + 9. Suppose w*j - 18 = -3*d - 2, -3*j = 4*d - 20. What is the remainder when 35 is divided by d?
3
Let z = 49 + -49. Suppose z = 7*m - 16*m - 756. What is the remainder when 14 is divided by (-72)/(-10) + m/(-105)?
6
Let d(r) = 34*r - 50. Let k(b) = 2*b**3 - 2*b**2 - 4*b + 2. Let u be k(2). What is the remainder when 38 is divided by d(u)?
2
Suppose 5*c + 2*h - 848 = 0, 0 = -2*c - h + 185 + 154. Calculate the remainder when c is divided by 39.
14
Suppose 3*b = -12, -15*p + 1748 = 2*p + 5*b. Calculate the remainder when 754 is divided by p.
26
Suppose 822*g + 380 = 860*g. What is the remainder when ((-6)/4)/(1/(-22)) is divided by g?
3
Suppose -5*d - 240 = -5*m, 176*m - 178*m + 4*d + 98 = 0. Calculate the remainder when 5731 is divided by m.
44
Let x(s) = -s**3 + 2687 - 2700 - 3*s**2 + 17*s**2 + 54*s. What is the remainder when x(16) is divided by 68?
67
Let p be 1715/(-7) - (2 - (0 - -3)). Let b = 472 + p. Calculate the remainder when b is divided by 23.
21
Let r(f) = f**3 + 7*f**2 + f - 7. Let z be r(-7). Let o = 9 - z. What is the remainder when 192/36 + -2 + (-464)/(-12) is divided by o?
19
Let y(x) = 25*x + 147. Calculate the remainder when 1206 is divided by y(-5).
18
Let h(u) = 11608*u**2 - 9*u. What is the remainder when h(1) is divided by 100?
99
Let z = 486 + -389. What is the remainder when z is divided by 40?
17
Let j = -32541 - -32547. Calculate the remainder when 887 is divided by j.
5
Let j = 125 + -68. Suppose 0 = -7*q + 18*q + 99. Let w(i) = -15*i - 125. Calculate the remainder when j is divided by w(q).
7
Let w(z) = -z**2 + 22*z - 54. Let m be w(19). Suppose -4*s + 200 = 5*k + s, k - m*s = 28. What is the remainder when 145 is divided by k?
34
Suppose -3*x + 277 = -4*w, x - 39 = 4*w + 64. Suppose -5*f + 95 = -5*j, 3*f - 2*j = 8*f - 116. What is the remainder when x is divided by f?
21
Suppose -4*l + 9*l + 3*y - 11 = 0, 0 = -5*y + 10. What is the remainder when 54 is divided by 0/(-2) + l + 18?
16
Let h = -12 - -31. Suppose c - v - h = 22, -5*v - 123 = -3*c. What is the remainder when 10053/(-126)*-1 - 3/(-14) is divided by c?
39
Let q = 119 - 23. Suppose 8*k = -0*k + q. Suppose 0 = w + k - 35. What is the remainder when 114 is divided by w?
22
Let n(a) = -a**2 - 16*a + 29. Suppose 4*v - 68 = -4*j, -5*j - v + 21 + 60 = 0. Let o = j + -3. What is the remainder when n(-10) is divided by o?
11
Let a be -32 + 35 - (-671 + 1). Suppose 0 = 4*q - 7*q + x + 407, a = 5*q - 3*x. What is the remainder when q is divided by 46?
45
Suppose -2*n + 2*v = 4, v - 4*v + 18 = n. Let s(g) = 3*g**3 - 2*g**2 - 6*g + 1. What is the remainder when s(n) is divided by 16?
14
Calculate the remainder when 222 is divided by 10000/180 - (-28)/63.
54
What is the remainder when 380 is divided by 39/(-3) + 10 - (1 + -2)*32?
3
Let x(t) = -2*t**2 - 70*t - 573. Calculate the remainder when 111 is divided by x(-14).
6
Let v = 15950 + -15863. What is the remainder when 2001 is divided by v?
0
Let z be ((-6)/4)/((-5)/6520*4). Let o = z + -458. Let s(b) = -185*b**3 - b - 1. Calculate the remainder when s(-1) is divided by o.
30
Let x be 17/4 + (-1)/4. Let b(n) = n**3 + 9*n**2 - 19*n + 28. Calculate the remainder when b(-9) is divided by 1210/18 - x/18.
65
Let x(p) = p**2 - 101*p - 1766. Calculate the remainder when x(-22) is divided by 294.
58
Suppose -4*h + 494 = 5*u, 0 = 19*u - 14*u + 5*h - 500. What is the remainder when u is divided by 60?
34
Let n(v) = -v**3 - 8*v**2 + 14*v - 3. Let y be n(-10). Let x = -24 + y. What is the remainder when x is divided by 13?
7
Let l = 114612 - 114574. Let a = -96 + -84. Let q = 331 + a. What is the remainder when q is divided by l?
37
What is the remainder when 1576 is divided by (-53 + -28)*2/(-6)?
10
Let z(c) = 380*c - 5500. What is the remainder when 1022 is divided by z(15)?
22
Suppose 142*m - 9312 = 4320. What is the remainder when m is divided by 37?
22
Let c = 109 + -98. Suppose -2*o + o = -15. Let i = c + o. Calculate the remainder when 129 is divided by i.
25
Let a = 11 + 36. Let t(y) = 809*y + 3421. What is the remainder when t(-4) is divided by a?
44
Suppose 13*c - 22004 = -11318. Calculate the remainder when c is divided by 202.
14
Suppose 0 = 2233*f - 2230*f + 2*r - 2163, 4*f - 4*r - 2884 = 0. Calculate the remainder when f is divided by 67.
51
Let f = -170 + -16. Let t(r) = -r**2 - 11*r - 6. What is the remainder when f/(-3 + 0) - (-21 - -21) is divided by t(-7)?
18
Let f = 377 + -373. Suppose 0 = -f*x + 152 - 92. Calculate the remainder when 87 is divided by x.
12
Let m = -6 - -20. What is the remainder when ((-91)/13 - -10) + 71 is divided by m?
4
Suppose -2*g + 16 = -44. Suppose 64 = g*p - 26*p. Calculate the remainder when 47 is divided by p.
15
Suppose -c - 115 = -j, 5*j - 488 = j - 3*c. What is the remainder when j is divided by (-6)/15*2665/(-26)?
37
Let y = 149 - 247. Let p be y/(-12) + 20/24. Suppose 3*x = -5*g + 37, x - p = -10*g + 5*g. Calculate the remainder when 55 is divided by x.
13
Calculate th